et b(z) = -z**3 - 2*z**2 + 2*z + 2. Let m be b(-3). Calculate the highest common factor of 1 and m.
1
Let f = -4 - -9. Let p = f + -4. Let o(w) = 3*w - 1. Let g be o(2). Calculate the greatest common factor of g and p.
1
Let z = 0 + 2. Let l be z/(-3)*(-1 + -35). Let u be (3 - 3 - 2) + 10. What is the highest common factor of u and l?
8
Suppose -3*l + t = -4*l + 3, -3*l - 5*t + 13 = 0. Let s(r) = 2*r + 7. Let n be s(-3). What is the greatest common factor of l and n?
1
Let v(k) = 9*k**3 - k**2 + k. Let p be v(2). What is the greatest common factor of p and 28?
14
Let s(n) = n**2 + 5*n - 4. Let g(y) = y - 1. Let w(i) = 3*g(i) - s(i). Let l be w(1). Let t = l + 6. What is the greatest common factor of t and 28?
4
Let q(b) = b**3 + b**2 + 3*b - 3. Let o be q(3). Suppose -4*n = -n - o. Let f = n + -1. What is the greatest common factor of 26 and f?
13
Let c(r) = -r**2 - 19*r - 15. Let w be c(-6). What is the greatest common factor of w and 7?
7
Suppose y + y + 1 = 5*j, 0 = -5*y + j + 9. What is the greatest common factor of y and 5?
1
Let k(y) = 8*y + 8. Let j be k(8). Suppose -4*m + j = -0*m. Suppose 3*c - c = m. What is the greatest common factor of 72 and c?
9
Let h(r) = -r**2 + 99. Let w be h(0). Calculate the highest common factor of 9 and w.
9
Let c = -32 + 62. Calculate the greatest common divisor of 15 and c.
15
Suppose a - 118 = 53. Suppose 0 = 2*c, h - 9 - 17 = -4*c. Suppose -2*q + 4*x + 54 = -0*q, 2*q + 3*x = h. What is the greatest common factor of q and a?
19
Suppose 3*v - 21 = -3. Suppose -v = -5*d + 19. Calculate the highest common factor of 5 and d.
5
Let c(m) = 2*m**2 + 3*m + 5. Let j be 0 - -3 - 0 - -2. Let q be c(j). What is the greatest common factor of q and 14?
14
Suppose -3*z + 249 = -270. Suppose 0*o - z = -d - 3*o, 0 = -d + 3*o + 179. What is the greatest common divisor of 16 and d?
16
Let f = 10 + -7. Suppose f*n - 280 = -2*n. What is the greatest common divisor of n and 7?
7
Suppose -22 = -5*t + 53. Let m = t - 11. Let p be 2 + 3*1/(-3). Calculate the greatest common divisor of p and m.
1
Suppose -152 = -4*v - 3*r, -2*v + 4*r = 3*r - 76. Calculate the highest common factor of 19 and v.
19
Let h(n) = 7*n - 6. Let q be h(2). Calculate the highest common divisor of q and 32.
8
Suppose 5 = 3*m - 1. Let x be 12 - m - (-2 - -4). Calculate the greatest common factor of 4 and x.
4
Suppose 16 = -4*s + 40. What is the highest common divisor of 54 and s?
6
Suppose -f + 0*f = 0. Suppose f = -d + 2, 4*d - 19 = -3*l + 2*d. Calculate the highest common factor of l and 15.
5
Suppose 2*k - 5*k + 36 = 0. Let z(l) = 5*l + 1. Let w be z(1). Let b be (6/5)/(w/20). Calculate the highest common factor of k and b.
4
Suppose -178 = -v + 29. What is the greatest common factor of 23 and v?
23
Let w be 34/8 + (-9)/(-12). Let n be w/((-15)/9) - -10. What is the highest common divisor of 21 and n?
7
Suppose -h = 5 - 3. Let n be 251 - ((-2)/2 - h). Suppose -4*v - v = -n. What is the greatest common factor of v and 10?
10
Let t be 0 - (-6 + -1) - 1. Let g be (-2)/3*3/(-2). Let n be 5*(22/10 - g). Calculate the greatest common divisor of n and t.
6
Suppose 3 = 2*q - 3*q. Let i be (-2 + q)/(2/(-4)). What is the greatest common factor of 2 and i?
2
Suppose 0 = 4*m - 159 - 81. Calculate the highest common divisor of 24 and m.
12
Suppose 60 + 70 = 5*v. Suppose -u + 8 + 5 = 0. Calculate the greatest common divisor of u and v.
13
Let w be 11/((-1)/(4/(-4))). Calculate the highest common divisor of 121 and w.
11
Suppose -39 = f - 4*f. Let h(j) = -3*j**2 - 4*j + 3. Let q be h(-4). Let l = q - -94. What is the greatest common factor of l and f?
13
Suppose 0 = -4*l + 4*x + 112, 4*l + 2*x + 24 = 5*l. Calculate the greatest common factor of l and 352.
32
Let q be ((-2)/(-5))/((-1)/(-30)). Let u(d) be the first derivative of 6*d**2 - 5. Let r be u(1). What is the greatest common divisor of r and q?
12
Suppose 85 = 4*u + 49. What is the greatest common factor of 99 and u?
9
Let p be (-2 + 1)/((-1)/5). Suppose 39 + 66 = p*t. What is the highest common factor of t and 3?
3
Let j(x) = 14*x**2 - 2. Let g(w) = w**3 - 7*w**2 + 6*w - 2. Let q be g(6). Let h be j(q). Let k = 109 + -73. Calculate the highest common divisor of k and h.
18
Let p = 114 + -54. What is the highest common divisor of 24 and p?
12
Let i(r) = -r. Let f be i(-4). Suppose 0 = 4*g - 4*h - 68, -f*g + 32 = -2*h - 38. What is the highest common factor of 162 and g?
18
Suppose 4*v + 2*m - 24 - 22 = 0, -5*v = 5*m - 50. Suppose -u + 684 = 4*d + 212, -2*d + 242 = 2*u. What is the greatest common factor of v and d?
13
Let f(x) = 11*x**2 + 5*x - 25. Let r be f(4). What is the highest common factor of 38 and r?
19
Let n = 16 + -10. Let t = 15 - 11. Let o be ((-63)/n)/((-1)/t). Calculate the greatest common factor of o and 14.
14
Let y(n) = -7*n - 15. Let j be y(-3). Calculate the greatest common divisor of 30 and j.
6
Suppose 5*u + 7 = 4*x, -u - 14 = -5*x - 0*u. Suppose b = -4*p + 2*b + 28, x*b = 2*p - 4. What is the greatest common divisor of p and 56?
8
Let i = 38 + -19. Let z = 6 + 0. Let c be 171/z*-1*-6. What is the greatest common divisor of c and i?
19
Suppose 0 = -4*z - 16, -4*z = -5*l + l + 116. Let o be 1*4*l/2. Suppose -240 + o = -5*f. Calculate the greatest common divisor of 57 and f.
19
Suppose -5*x - 5*r = 31 - 221, 0 = -x + 4*r + 43. What is the greatest common divisor of 26 and x?
13
Let y = 60 - 35. Calculate the highest common factor of y and 175.
25
Suppose 2*v = -0*v - 4. Let t be -2 + (v - -14)/3. What is the greatest common factor of 2 and t?
2
Suppose -2*i - 2*i = 4*c - 200, 3 = -3*i. Calculate the highest common factor of c and 17.
17
Let l(x) = 1 - 1 - 325*x - 1. Let q be l(-1). Suppose -3*a + q = -0*a. What is the greatest common factor of 12 and a?
12
Suppose 0 = 5*u - 5*b - 415, 3*b - b - 154 = -2*u. Suppose 2*h - 3*l - l - 52 = 0, -h = -5*l - 41. Calculate the greatest common divisor of h and u.
16
Let t(r) = -r**2 - 8*r + 3. Let k be t(-5). What is the highest common factor of 18 and k?
18
Suppose 19*r = 21*r - 38. Let n = 4 - -148. Calculate the greatest common factor of n and r.
19
Suppose 0 = k + 4*k. Suppose -3*u + 13 = -u - 3*b, k = 2*u + b - 33. What is the highest common divisor of 56 and u?
14
Let s(o) = -o**3 + 2*o**2 + o - 1. Let m be s(2). What is the highest common factor of m and 1?
1
Suppose -5*v + 0*v = -220. Let z = 6 - 1. Suppose -3*t + v = z. What is the highest common factor of 91 and t?
13
Let h = -5 - -10. Let a be ((-20)/(-50))/(1/25). Calculate the highest common factor of a and h.
5
Let r be (0/(5 - 2))/2. Let k be r + 0 + 0 + 245. Suppose 4*g + 53 = k. Calculate the highest common factor of 16 and g.
16
Let j be 352/10 + 5/(-25). Let s = -3 + 8. Calculate the greatest common divisor of j and s.
5
Let h = 23 - 23. Suppose -5*s + 685 + 470 = h. Calculate the highest common factor of 21 and s.
21
Let f be (-123)/(-9) - 2/(-6). Suppose w = -2*h + 5*h + 14, 0 = -2*w + 5*h + 28. Calculate the highest common factor of f and w.
14
Let f(t) = -9*t - 1. Let p be f(-2). Let z = -17 - -25. Let n(d) = -d**3 + 8*d**2 + 5*d - 6. Let k be n(z). What is the highest common divisor of k and p?
17
Let x be (-4)/(1 + 9/(-6)). Let w be 52/x - 1/(-2). What is the highest common divisor of w and 1?
1
Let g = 199 - 192. Let v(z) = 4*z - 6. Let a be v(5). What is the highest common divisor of g and a?
7
Let w = 15 + 13. Let a(h) = 2*h**2 - 2*h. Let t be a(2). What is the greatest common factor of t and w?
4
Let u = 53 + -51. What is the highest common divisor of u and 7?
1
Let v(u) = -u**3. Let i be v(0). Let a be 0/((i - 3)/(-3)). Suppose -y + 7 = -2*f, a*f - f - 71 = -5*y. What is the greatest common divisor of 30 and y?
15
Suppose -13*m + 5*m = -144. Let w(z) = 19*z - 1. Let h be w(1). What is the highest common factor of m and h?
18
Suppose 0 = 7*s - 790 + 153. What is the greatest common divisor of 13 and s?
13
Let p(d) = 17*d - 51. Let h be p(11). Let b = 2 + 15. Calculate the greatest common factor of b and h.
17
Suppose -306 = 3*t - 0*t. Let f = -27 - t. Let a(s) = 30*s**2. Let z be a(1). Calculate the highest common factor of z and f.
15
Let w = 49 + -17. Suppose -11 = 3*c - w. Calculate the greatest common factor of c and 7.
7
Suppose w - 88 - 149 = 3*u, 5*u = 5*w - 1195